e of 0 + 2 + (3 - 2 - (0 - 4))?
7
-4 + -5 - (-6 - (20 - 12))
5
(15 - (5 - (4 + -1))) + (7 - 13)
7
7 - 16 - -33 - 7
17
Calculate (-21 - (-10 + -4) - -7) + -21.
-21
What is the value of 11 - (-22 + 24 + -12)?
21
What is the value of 483 - 485 - (-5 + -1 + 2)?
2
What is 4 + -9 - (7 - (-14 - -9))?
-17
What is the value of (-16 - -2) + (39 - 45) + -3?
-23
What is 5 + -14 + 4 - (-33 - -18) - -3?
13
Evaluate -14 + (9 - 15) + 36 + (0 - -1).
17
Evaluate -3 - (0 - 8 - (40 + -36)) - 19.
-10
Evaluate 4 + 3 - (-12 - ((6 - 8) + -3)).
14
Calculate 6 - (7 - 2 - (16 - (4 - -4))).
9
-14 + 4 + 40 + 36 + -49
17
(1 - -4) + 0 - (-19 + 42 + -17)
-1
(5 - 1) + (-11 - (-12 + -3)) + 9
17
Calculate -5 + (-16 - (-6 - 0)) + -5 - -1.
-19
What is (-3 - -3 - -3) + (41 - 36)?
8
What is -11 - -13 - (2 - (4 - 12))?
-8
Calculate -5 + -14 - ((2 - 10) + 9 - 4).
-16
Calculate 0 + (8 - -5 - 7) + 0.
6
What is (-34 - -1) + 24 + 9?
0
What is the value of -3 - (-5 - (-7 + (12 - -5)))?
12
Evaluate -29 + (-16 - -26 - -28).
9
Calculate -1 - (-16 + 4 + 3).
8
3 + 4 + 6 - 24
-11
3 + -17 + 28 + -19 + -4
-9
What is -2 - (-6 + (-45 - -10)) - 15?
24
1 + 5 + 1 + -4 + (3 - -3)
9
What is the value of 4 + 1 + (-9 - 1) + 0 + -6?
-11
Evaluate -92 - -72 - (-33 + 2).
11
What is the value of 19 - -3 - 6 - (0 + 3 + 2)?
11
-16 + (6 - -16) + (1 - -7)
14
What is the value of -10 + -30 + 7 + 45?
12
What is the value of (14 - 4 - (-29 + 47)) + 0 + 8?
0
(-3 - 4) + 9 + 3
5
What is the value of -1 + -5 - (4 + 5 - -16)?
-31
Evaluate -12 - (-27 - 2 - 3 - 12).
32
-6 + -3 + (-4 - -10) + -4 + 9
2
What is the value of 4 + 2 + (-12 - -7) + (-8 - -3)?
-4
Evaluate -1 + (1 - 1) + (-55 - -38).
-18
-4 - (-7 + -12) - (5 + -3)
13
7 - (1 + 8) - 1
-3
Evaluate (-28 - -19) + 3 + -5.
-11
Evaluate -3 - (14 - (24 + -5)).
2
What is 1 - -16 - (148 + -151)?
20
Evaluate (-4 - (-4 - -3)) + (23 - 10) + 3.
13
26 + -36 + 3 + 19
12
Evaluate (-76 + 58 - (-7 + -8)) + (29 - -1).
27
Calculate 29 + -17 - 4 - 2.
6
What is -5 + 16 - (-5 + 11 + 27)?
-22
Calculate 4 - 3 - (8 + (5 - (3 - -1))).
-8
Calculate 8 - (-8 + 7 + -1 - -4).
6
Calculate -5 + 1 + 1 + (16 - -7).
20
Calculate 3 + (-21 - -15 - (0 - 2)) + -1.
-2
What is the value of -18 + 29 - (6 + -1 + 1)?
5
What is 44 - -2 - (638 + -631)?
39
What is 499 - 534 - (0 + 2 - 9)?
-28
What is the value of -10 + 10 + 25 + -3?
22
(-33 - -23) + -12 + 55 - (-1 - 0)
34
-13 + 4 + -7 - 8
-24
-57 + 66 + (-17 - -3) + 18 + -2
11
Evaluate 2 + -5 + (32 - 36).
-7
What is the value of 11 - (-7 - (0 + 1 + -5 + 2))?
16
Calculate (6 - 7) + 4 + 2 - (-24 + 19).
10
Calculate 9 + (-3 - -11) - 12 - 1.
4
What is the value of (-9 - -7 - -1 - -12) + -2?
9
(-2 - 1) + 6 + -5 + -17 + 26
7
What is the value of -38 + (0 - -36) - (-17 - -1)?
14
What is -17 + -11 + 30 + 6 - (-1 - -6)?
3
What is the value of 4 + (-8 - ((-1 - -18) + -7))?
-14
-177 + 162 - (-11 - -1)
-5
(1399 - 1409) + 1 + 20
11
Evaluate (-17 + -11 + 7 - -10) + 1.
-10
What is the value of -3 + (-4 - (3 - 1)) + 6 - -2?
-1
Evaluate (15 + 1 - (-2 + 32)) + 41.
27
Calculate -24 - -37 - (-7 - -8).
12
Calculate 0 - ((2 - 2) + -3 + (-2 - -6)).
-1
-4 + 7 + 8 + 23 - 10
24
17 - 7 - (5 + (-10 - (0 - 0)))
15
What is -28 - (-29 - 10 - -24)?
-13
Calculate 0 - (0 - -20) - (11 + -22).
-9
What is (-1 + 3 - 1) + -5 - (108 - 103)?
-9
What is the value of 50 + -42 + 1 + -3?
6
Evaluate 1 + -1 + -10 + (-20 - 19) + 39.
-10
What is the value of 34 + (-45 - 25) + 30?
-6
What is the value of -6 + 10 + 4 - (-2 + -1)?
11
Evaluate -147 + 161 - (0 - -8).
6
Evaluate -8 - (-2 + 0 + -1 - (12 + -17)).
-10
Calculate 7 + 12 + (2 - (-2 - -16 - 7)).
14
What is 8 + (-11 - (0 + 11 - 3))?
-11
What is 693 - 707 - (3 + -10 - (1 - 1))?
-7
(22 + -36 - (4 + -1 + -4)) + -3
-16
Evaluate -5 + (-30 + 50 - 23).
-8
-22 + -19 + 16 + (-3 - -14)
-14
What is the value of 4 - (0 + -7 + 4 - 1)?
8
Calculate -4 - ((8 - 7) + (-17 - 0)).
12
-13 - (-35 + 2 + (8 - -5))
7
Evaluate -1 - -2 - (-26 + 60 - (5 + 3)).
-25
What is -3 - (-8 - (-6 - (1 + -7)) - -11)?
-6
What is 17 + 5 - 12 - -7?
17
Calculate (1 - 18) + (12 - (-21 + 21)).
-5
Evaluate (-26 - -18) + 20 - (-2 + -2).
16
Evaluate -4 - (-1 + 1 - (4 + -6 + 4)).
-2
20 + 0 + (0 - 14) + 16 + -1
21
What is the value of 8 + (-1 - (35 - 15))?
-13
Evaluate 2 - (322 + -311 - (-1 + 1)).
-9
What is the value of -36 - -21 - (-34 - -4)?
15
Evaluate 13 - (6 + (0 - -17)).
-10
1 - 7 - ((-12 + 2 - 6) + 9)
1
Calculate 10 + (-2 - (-3 - (4 - -7))).
22
-11 + (13 - ((-1 - -10) + -5 - 11))
9
Calculate -156 - -130 - (-46 + 1).
19
What is the value of -35 + (30 - 31) - (-18 - -1)?
-19
What is the value of (-1 - 5 - (-46 + 46)) + 9 + -1?
2
What is 5 - (27 - 23 - (-4 - (2 + -10)))?
5
What is the value of -2 - (-2 + (4 - -10))?
-14
3 + (13 - (12 - (9 + 3 + 0)))
16
13 + (-2 - -4 - 6) + (-87 - -97)
19
What is 18 - -20 - (-4 + 9 - -7)?
26
What is (51 - 8) + -143 + 75?
-25
Evaluate -5 + (16 - (10 + -3 + -2 - 1)).
7
What is -16 + -4 + 32 + 2?
14
Calculate 9 + 8 + -24 + 0.
-7
0 + (-9 - -10) + -1
0
Evaluate 2 - (0 - -3) - (-40 - -58).
-19
What is 5 + (27 - 34) + (-1 - -4) + 11?
12
-7 - (6 - (13 - (8 - 9)))
1
What is the value of 15 + -17 + 13 + (0 - 8)?
3
What is the value of (-3 + 6 - (-19 + 20)) + -24?
-22
-42 + (9 - -37) + (1 - (-19 - -1))
23
What is (0 - 6) + 4 - -6 - (-24 + 22)?
6
What is -13 - -1 - (-226 - -216) - -31?
29
Evaluate 3 + -4 + -15 + 13 + 5.
2
Evaluate (7 + -10 - 2) + 6 + 1 - -1.
3
Evaluate -1 + 16 - 28 - -15 - 10.
-8
What is the value of (-19 - -40) + -9 + (0 - -7) - 5?
14
-1 + 2 + 2 + 2 + (14 - 22)
-3
Evaluate (0 + -3 - -18) + -2 + -1.
12
What is the value of -8 + 23 + (-7 - (-9 + 7))?
10
Calculate (11 - 11 - 2) + -8 + 5 + 15.
10
What is -35 - ((-33 - 10) + 28)?
-20
Calculate (10 - (21 + -11)) + 4.
4
-11 + 1 + 15 + (6 - 1) - -3
13
What is -14 + 13 + 28 + (-4 - -11) + -9?
25
-2 + (50 - 46) - (-8 + -1)
11
What is (-26 - 1) + (1023 - 996)?
0
What is the value of (12 - (-4 + -5 + -10)) + -6 + 4?
29
What is 14 + (0 - 1) + 316 + -319?
10
Calculate -2 + -7 + (-1 - 0) - -21.
11
What is (1 + 2 - (-44 + 44)) + -1 + -1?
1
Calculate 15 - (18 + (10 - (24 - 3))) - 3.
5
Calculate 132 + -129 + -3 + 11.
11
Calculate 7 + -5 + 3 + -6.
-1
What is 15 + (-9 - 8) - 3?
-5
What is -18 + (3 - -9) + 5?
-1
What is the value of -31 + 16 + 8 + -3 + 0?
-10
What is 25 + (17 - 13) + -24?
5
(-9 - 3) + 50 + -45 + (-1 - -1)
-7
What is the value of (10 - (11 + -4)) + (-6 - 2) + -13?
-18
-94 + 102 - (1 - -11) - (3 - -4)
-11
What is the value of -9 + (18 - 9) - -3?
3
Evaluate (2 - (-2 - (6 - 11)) - 1) + -6.
-8
Calculate (-12 - -18) + 20 - (2 + (6 - 4)).
22
15 + (19 - 21 - 4)
9
What is 29 - (1 + 15 + (22 + -59 - -26))?
24
Calculate -5 - (-10 + -9 + 16 + 13).
-15
What is (-3 - (-5 - 26 - -4)) + -51 + 47?
20
Evaluate 13 + (-12 - ((-1 - -7) + -13)).
8
What is (7 - (15 + 1) - -4) + 27?
22
What is 14 + -13 - (5 - (1 + (2 - 0)))?
-1
What is -1 + (-1 + (3 - -3) - 11) + 14?
7
What is the value of (24 - (21 + -15)) + -22?
-4
Evaluate -3 - (4 + 0) - ((-11 - -10) + -13).
7
Evaluate -9 - -9 - (-6 - (-6 + -7)).
-7
What is the value of (-2 - 30) + 0 + (28 - 14)?
-18
Evaluate -12 - -33 - 14 - 15 - 2.
-10
Calculate 12 + 1 + -6 + -11 + (-2 - 2).
-8
What is 9 + (29 - 12 - 13)?
13
What is the value of 7 + -5 + -1 - ((0 - -7) + -3)?
-3
Calculate -9 + 1 + -1 + 3 + 8.
2
What is the value of (-3 - 20) + 29 + (-14 - 2) + 1?
-9
What is the value of 10 - (-17 + 24 + -16)?
19
Evaluate 32 + -13 + -6 + -13.
0
What is 10 + -46 + -4 + (-1 - -14)?
-27
23 + (-32 - (-29 - -22))
-2
Calculate 51 + 18 + -84 + (9 - 1).
-7
19 - (-1 - (4 - (0 + 11))) - 6
7
Calculate 6 + (-18 - (-5 - 3)) + 8.
4
What is the value of 41 + -43 + 26 + -51?
-27
-1 - (-1 + -3) - 2 - (-3560 - -3563)
-2
What is ((-2 - -8) + -15 + -2 - -4) + 13?
6
What is the value of (1 - 7) + 1 + (2 - 0) + -5?
-8
32 - (-6 - -1 - (9 + (-47 - -32)))
31
Evaluate (-4 - (-8 + 5)) + -10 + 7 + -6.
-10
Evaluate (-25 - 2) + 4 - -44.
21
What is -14 + 15 - ((-5 - 0) + -3 - -2)?
7
-6 - ((28 - 18) + -8)
-8
What is -19 - (-20 + 13) - -29?
17
Calculate 20 - -3 - (-323 - -332).
14
Calculate 6 - (19 + -7 + 4).
-10
Evaluate (-1 - -45 - (15 + -33 + 29)) + -8.
25
Evaluate -18 + (-3 - 13) + 43.
9
What is the value of -12 - (-9 + 12) - -44 - 12?
17
Calculate (-16 - (-2 + -5 + 1)) + -5 + 6.
-9
What is the value of 1 - (3 - (3 + 1 + 7))?
9
Ca